 -16037)
-38
What is the value of -96 - (109 + -102 - 46)?
-57
Calculate -4 + (-84 - (17 - 177)).
72
Calculate (-4 - 19) + 20 - (63 + -58).
-8
What is the value of -125 - (8 + (4 - 3) - (73 - 86))?
-147
Calculate -57 - -38 - 0 - (-1 - -2 - 13).
-7
Evaluate 24 - 1 - 6 - (-41 + 39 + 33).
-14
19 + (24 + 77 - 76)
44
What is -40 + -107 + 116 + -45?
-76
Calculate -4 + (-23 - -32) + (-3 - -3) + 6 + 32.
43
Calculate (-6 - (-8 + -4)) + (111 - 1) + 86 + -81.
121
What is 5 + 1 - (-10 + (26 - 5) + -9 - -4)?
0
Evaluate -10 - (76 - (-29 + 67 - 14)).
-62
Evaluate (6 - (6 + -6)) + -12 - (81 - (-5 - -12)).
-80
What is the value of 14 + 82 + (-201 - -12)?
-93
What is (1 - 2) + -4 + (28 - (-56 - -107))?
-28
Evaluate (-45 - (32 - 38)) + 32.
-7
Calculate -9 + 8 + 7 + -16 + 40 + -27.
3
Evaluate 16 + (-12 + 32 - (26 - 17)).
27
What is the value of 68 - 1 - 39 - 197 - -30?
-139
Evaluate -46 - (-196 - -149 - 77).
78
3 + (33 - 14) + 88 + -158
-48
Calculate -391 + 374 - (1 - 22) - 18.
-14
147 - (2 + 1) - (-1357 + 1406)
95
Calculate (-4 - 1) + (-230 - -250) - 62.
-47
What is -10 - (-8 - (4 - -5 - 15 - -1 - -3))?
-4
-7 + 13 + -11 + 3 + 10 + 1 + 30
39
Calculate -122 - 20 - -35 - (8 - 41).
-74
What is ((10 - 5 - -2) + 6 - 9) + 22?
26
What is the value of (7 - (-2 + (-2 - -12))) + -24 + (0 - -3)?
-22
Calculate (10 - 19) + 4 + 13 - (1 - -6).
1
What is the value of -3 + -13 - (562 - 558)?
-20
What is the value of (-5 - (-22 + 4 + (5 - 2))) + 35?
45
Calculate -1 + (4 - (-57 - 2 - (4 + (6 - -3)))).
75
What is -8 + (-13 - 5 - (-39 - -50))?
-37
What is -5 + 2 + -770 + 693?
-80
What is the value of -8 + -5 + 0 - ((32 - 48) + 45)?
-42
What is 3 - 102 - -201 - 16?
86
What is the value of -15 - (23 - 17) - -17?
-4
(9 - (-4 + 18) - -11 - -4) + (-80 - -4)
-66
Calculate 111 - (-11 + (26 - (4 + -8))).
92
What is the value of -66 + 4 - -53 - (25 - 0)?
-34
What is the value of -12 + 112 + (-44 - 6)?
50
(45 - -28 - 28) + -148
-103
Evaluate -9 + 4 - -17 - (-1 + 0 - -20).
-7
What is the value of 352 + -361 - (1 + 1 - -6)?
-17
-209 + (56 - 126) + 199
-80
(25 - (-7 - -23)) + -44 + 27
-8
Evaluate 4 + 20 - (587 + -514).
-49
What is the value of 138 - (57 - -18) - (-1 - -28)?
36
Evaluate -11 + (0 - (15 - (36 + 3) - -13)).
0
What is 38 + 1 - (781 + -722)?
-20
Calculate (25 - 42) + (21 + -9 - -96 - -12).
103
What is the value of (-41 + -107 - -129) + 1 + -1?
-19
What is the value of (-55 - -6) + 5 + -16 + 19 + (14 - 3)?
-30
Evaluate 49 - (-16 + 20 + (-27 - -10) - -19).
43
What is -42 - ((72 - 60) + -1)?
-53
Calculate -55 + (8 - -46) - -25.
24
Calculate 277 + -455 - -255 - (0 + -25).
102
-141 + (287 - 136 - 53)
-43
What is 99 - (153 + (8 - 101))?
39
What is the value of 0 - (139 + 13 - (3 + -2 + 17))?
-134
-6 + 43 + (15 - (-22 + 50))
24
Evaluate -23 + 32 + (3 - 102) - (-129 - -123).
-84
-8 + -56 + -15 - (0 - 0) - (14 + -19)
-74
What is 3 - (7 - 0 - 26) - -6?
28
What is the value of (57 - -11 - 43) + (15 - (4 + -2))?
38
-35 - (11 - (-2 + 28) - -8 - 0)
-28
Evaluate (56 - 330) + 208 + (-44 - -1).
-109
Evaluate 68 + (107 - 43) + -87.
45
Evaluate 2 + -11 - (55 + (-9 - 55)).
0
Calculate ((-17 - (3 - 8)) + 11 - 8) + 13 - 25.
-21
Calculate -23 + 6 + (-6 - -7) - (-81 - -71).
-6
Evaluate -22 + 18 + -4 + 40 + 17.
49
-24 - (1 + 15 + -65 + -47 + 100)
-28
Evaluate -40 + 55 - 22 - ((-3 - -1) + 11 + 4).
-20
Calculate (8 - -3) + (-5 - -5) + -17 + 9.
3
What is -10 - (34 + (26 - 43) + -4)?
-23
Evaluate -19 + (21 - (-33 + 44 + -43)).
34
What is the value of -20 + -12 + 32 - (-1 - -1) - (2 + -4)?
2
Evaluate 24 + -1 + -462 + 488 + 9.
58
Calculate (15 - (0 - 64)) + -33.
46
What is the value of (-3 - -3 - 19) + 2 + (-1232 - -1222)?
-27
Evaluate 0 + -97 - (-22 + -140 - -139).
-74
What is -46 - (-115 + 34 + 39)?
-4
Evaluate (7 - 29) + -16 + (10 - 14).
-42
What is -984 + 1027 + -1 + -55?
-13
What is the value of -9 - -146 - (158 - 91)?
70
Evaluate (127 - 107) + -4 + (-12 - 2).
2
What is 1 - (-10 + (9 - (7 - -8)) + -31)?
48
What is -153 + 89 - -15 - (0 - -2 - 5)?
-46
What is the value of (29 - 14) + (2 - (-6 - 2))?
25
What is (-10 - -10) + (-15 - (16 + -39))?
8
Evaluate 26 + (0 - -23) + (-23 - 121) + (2 - 2).
-95
What is the value of 89 - 16 - 68 - -64?
69
Evaluate -66 - (-8 - (1 + (2 - 12 - -8 - -3))).
-56
Evaluate -36 - (174 + -62 - 208).
60
What is 133 + -42 + (-3 - 65)?
23
Calculate 2873 + -2905 + -3 + (1 - 1).
-35
What is the value of 14 - (11 - -23) - (-5 - 51)?
36
What is the value of 1 + 0 - -1 - (22 + -24) - (-2270 + 2248)?
26
What is the value of (0 + -5 + -2 - -4) + (-345 - -358)?
10
22 + (-16 - (-6 - (-13 + 13)))
12
What is 0 - (-23 + 12 - (25 - -7))?
43
What is -1 + 1 + 8 + 4 + -56 + 78?
34
What is the value of (3 - 25) + (-5 - (11 + -25) - (7 + 5))?
-25
What is (-3 + 14 - 1) + (32 - 33) - (-10 - 2)?
21
What is the value of (3 + 6 - 18 - 50) + (-33 - -46) - 12?
-58
Calculate (9 - -79) + (29 + -23 - -31 - 23).
102
What is -18 + (21 - 28 - -3) - 13?
-35
Evaluate 230 + -71 - (12 + 11).
136
What is the value of -35 + 101 - (3 - -60)?
3
What is the value of -80 - (-33 + -63) - (0 - -31) - -7?
-8
What is 4 + -28 - (5 + 19 + -47)?
-1
1 + 4 + -1 - (-7 - (-27 + -6 + 32))
10
Evaluate -17 + 4 + -4 + (2 - (19 + -4)).
-30
What is (-24 - -5) + -8 + 0 - -4?
-23
What is the value of (-22 - -28) + 26 + -28 + (-48 - (-2 - -3))?
-45
Evaluate -22 - (2 + (-3 + 3 + (27 - 28) - 5)).
-18
(-210 + 26 - -179) + -2 + 44
37
Calculate 14 + 1 - (37 - (33 + 15)).
26
What is the value of -5 + (-5 - -9) + -16 + (29 - -12)?
24
What is the value of 10 - (-1 + 9) - 7 - (4 + 8 + -43)?
26
What is 5 + (2 - -23) + -23 + 37 + -21?
23
What is 1223 + -1251 + (-4 - -70) + 0?
38
Evaluate (-3 - (-25 - -2)) + 2254 + -2275.
-1
(76 - 5) + 41 + (-119 - -65)
58
What is the value of -48 - -4 - -42 - 27?
-29
Evaluate (3 - (-5 - -23)) + 1 + (-42 - 4).
-60
What is 133 + 58 + -8 - 78?
105
What is the value of -6 - 10 - (2 + -23 + -72 + -22)?
99
What is -86 + 0 + (214 - 119) + -111?
-102
What is (2 + 2 - (-2 + 27 + (10 - 30))) + 1?
0
What is 97 + (123 + -248 - -27)?
-1
What is -27 + -14 - (3 - 0 - (-7 + (-5 - -20)))?
-36
What is the value of 38 + (-16 + (10 - -5) - 14)?
23
8 + -23 + (-2 - (-10 + 4)) + 0 - -152
141
What is the value of -35 - (-30 - 8 - -37)?
-34
Evaluate 115 - 165 - -62 - (2 - -1 - 17).
26
Calculate 10 - (-34 + 10 - -9 - (-11 + 33)).
47
Calculate -1 - 28 - (-173 - (156 + -227)).
73
Evaluate (-892 - -878) + (-1 - -5 - 70) + 1.
-79
Evaluate 17 - (-125 - (-23 - -24 - 31)).
112
What is (-34 - 14) + (15 - 24) + 11?
-46
Evaluate -42 + 5 - (1693 - 1816).
86
What is 1 - 8 - (0 + -14 - -12) - (-10 - -9)?
-4
-218 - -214 - (32 + 5)
-41
Calculate -58 + -2 - (-267 + 254 + (-1 - (1 + -5))).
-50
13 - (-2 - (-13 - -29 - 6 - 13))
12
Calculate 0 + (-16 - (-2 + -18 + 12) - (17 + 0)).
-25
Calculate (10 - ((12 - -2) + -26 + 23)) + 54.
53
What is the value of (15 - (-188 - -271)) + 7 + (0 - 3)?
-64
What is the value of -18 + (159 - 91) + -39?
11
Evaluate 134 + (155 - 352) - (8 + 0).
-71
Calculate 10 - (7 - (45 + 7)) - ((1 - 10) + 6).
58
Calculate 1126 + -1111 - (2 + 45 + -2) - 5.
-35
(7 + -14 - (-24 + (5 - -2))) + -73 + -4
-67
Evaluate -6 - (-2 + (-71 + 7 - (-7 - -11))) - -9.
73
-2 - 28 - (-12 + 0 + 0 + (63 - 61))
-20
Evaluate 32 - (91 - (108 - -50)).
99
(-5 + 5 - -2) + (-3 - 3 - (13 - 7))
-10
What is the value of -59 + (-52 - -116) + -17?
-12
-6 + -7 + -3 - (41 - (37 - 70))
-90
What is the value of -15 + 13 + 75 + -69 + -1 + -75?
-72
(5 - 12 - (4 + -7 + -2)) + -56
-58
-49 + (61 - 24) + -25 + 0
-37
Evaluate -5 + (13 + -38 - -20) - 1.
-11
What is the value of -17 - (-44 - -37) - (3 - (42 - 1) - -4)?
24
What is the value of -129 + 99 + (26 - -4)?
0
What is the value of -58 - (3 - (-75 - -66 - (2 + 3 + -6)))?
-69
What is the value of (-75 - -49) + 4 - -38?
16
-26 - (-169 - -139 - (4 - -18))
26
What is the value of -5 + -5 - (-5 + -6 - -5 - (-42 - -53))?
7
What is 7 - -12 - (17 + (-3 - -6) + -55)?
54
Calculate ((-22 - -77) + -55 - (10 + 1)) + -1.
-12
Calculate (2 - 126) + 2062 + -2006.
-68
What is the value of 11 - (-3 - (-3 + (14 - 14 - 5))) - 50?
-44
What is (-50 - -39) + (-8 + 5 + 1 - 75)?
-88
Calculate 12 - (-13 + (-20 + 20 - (15 - -3) - -10)).
33
What is the value of (-362 + 333 - (-25 - 0)) + (2 - (50 + 3))?
-55
10 + (7 - -21 - 20) + (-3 - -8) + 81
104
What is 61 - (10 - 